- -2?
-2123043133242
In base 2, what is 10011001 - -1100100001110111111?
1100100010001011000
In base 15, what is -bac9c0e + 4?
-bac9c0a
In base 8, what is 4777 - 1235?
3542
In base 3, what is 212201 - -12121101?
20111002
In base 4, what is -12323102 + -21000?
-13010102
In base 11, what is aa834 - 8a?
aa755
In base 3, what is 1020202 + 101122222?
102220201
In base 7, what is -242003 - 16552?
-261555
In base 5, what is 3224114 + 1214?
3230333
In base 4, what is 1122223122131 - 0?
1122223122131
In base 2, what is 10100101011101110110 - 101?
10100101011101110001
In base 11, what is -3 + -552992?
-552995
In base 11, what is -4 + -1440926?
-144092a
In base 15, what is -47d + -2c2e?
-31ac
In base 15, what is 2419 - 473ae?
-44e95
In base 2, what is -10001110111000110000110 - -1?
-10001110111000110000101
In base 4, what is -102302130302003 + 0?
-102302130302003
In base 9, what is -53042 - 300?
-53342
In base 7, what is 31251664 + -50?
31251614
In base 8, what is 623 + 246033?
246656
In base 14, what is -99cd8b + 4b?
-99cd40
In base 9, what is 24 - 14804143?
-14804118
In base 10, what is 3529 - -2062?
5591
In base 7, what is 133053431 - -5?
133053436
In base 14, what is 2 + -1d13a7?
-1d13a5
In base 3, what is 21111001 - -120010102?
211121110
In base 11, what is -1017a + -111a?
-11299
In base 16, what is 2 - 5d1d2ab?
-5d1d2a9
In base 9, what is -180 - -237416?
237226
In base 5, what is 40231 - -12243431?
12334212
In base 10, what is -731749654 + -1?
-731749655
In base 16, what is -243dc1 - 35?
-243df6
In base 16, what is 15 + -ae021?
-ae00c
In base 8, what is 63775 + 125?
64122
In base 3, what is -11102012221220001 - 22?
-11102012221220100
In base 8, what is -60451 - 3752?
-64423
In base 7, what is -2236 - 24234?
-26503
In base 2, what is 100 - 1111001011011001000000001?
-1111001011011000111111101
In base 2, what is 110100111011101110 - -10000?
110100111011111110
In base 4, what is 2001212 + -1130330?
210222
In base 2, what is -1000100011000100 - -1000010111010?
-111100000001010
In base 11, what is -33 + -419738?
-419770
In base 13, what is -11 - -1644266?
1644255
In base 8, what is -415546367 - 5?
-415546374
In base 4, what is 1 + -33321101031023?
-33321101031022
In base 8, what is -3531 + -364107?
-367640
In base 12, what is 63340 + -6b?
63291
In base 6, what is 14131033 + 10401?
14141434
In base 5, what is -111 + -22422301?
-22422412
In base 11, what is 3 + 10328a317?
10328a31a
In base 15, what is 13a7bb8b - -3?
13a7bb8e
In base 6, what is 10313 - 3011530?
-3001213
In base 9, what is -18616 - 287?
-20014
In base 7, what is -3342 - -151406?
145034
In base 14, what is 0 + 24c080c?
24c080c
In base 2, what is -110001110110101000010101 - 100?
-110001110110101000011001
In base 9, what is -18 + 15117231?
15117212
In base 10, what is -5247 + -7560?
-12807
In base 7, what is -1303246 + 265?
-1302651
In base 12, what is 114851 - -36a?
114bbb
In base 3, what is 1121012111000001 - 0?
1121012111000001
In base 6, what is -45114214 + 441?
-45113333
In base 4, what is -113303102112 + 32?
-113303102020
In base 3, what is -10021022201022210101 - 10?
-10021022201022210111
In base 14, what is 1476 + -4061?
-29c9
In base 4, what is 10 + -3220312212033?
-3220312212023
In base 14, what is 1cb59dc94 - 4?
1cb59dc90
In base 15, what is 3 + -24d586a?
-24d5867
In base 5, what is 341021040 + -10?
341021030
In base 8, what is -1 - -67531765?
67531764
In base 14, what is 93a884 - -31?
93a8b5
In base 10, what is -13 - 373440?
-373453
In base 11, what is -39961 + 478?
-39494
In base 11, what is 1784475 - 14?
1784461
In base 15, what is 888ee + -69?
88885
In base 4, what is -131312121032 + -21?
-131312121113
In base 2, what is 1111000011100000100100110 + 101?
1111000011100000100101011
In base 7, what is 1 + 2323656404?
2323656405
In base 14, what is -215dd5 + -6?
-215ddb
In base 3, what is 12222022201 + 12002211?
20011102112
In base 16, what is -2addb - -6a?
-2ad71
In base 8, what is 2011114 - 201?
2010713
In base 11, what is 1578 - 124?
1454
In base 6, what is -3411420 + -2042?
-3413502
In base 7, what is -3 + -1225636210?
-1225636213
In base 10, what is 677 + -102633?
-101956
In base 8, what is 222046 - -725?
222773
In base 6, what is 20214 - -211333?
231551
In base 14, what is 3 + -16c04435?
-16c04432
In base 16, what is -20 + -78901a?
-78903a
In base 2, what is 1 - 1001101100111110001101?
-1001101100111110001100
In base 12, what is 51367b + -26?
513655
In base 15, what is 97db - 310?
94cb
In base 10, what is -1117471 - 21?
-1117492
In base 9, what is -48022076 + -4?
-48022081
In base 15, what is ca1 - -35ba4?
36955
In base 5, what is 313032134 - -133?
313032322
In base 12, what is -39528 + 101?
-39427
In base 9, what is -3260023 + -1?
-3260024
In base 14, what is 7c27 - 276?
7991
In base 2, what is 100100000110111111100 + -10011001?
100100000110101100011
In base 4, what is -1 - -1032123332300?
1032123332233
In base 3, what is 111001200 + 211020?
111212220
In base 3, what is -11 - -12021212211002?
12021212210221
In base 9, what is -541034486 + -2?
-541034488
In base 3, what is 21 + 101002012010102?
101002012010200
In base 6, what is -114511342034 + -1?
-114511342035
In base 13, what is 5093520 - -3?
5093523
In base 14, what is -10616 - -3a?
-105ba
In base 5, what is 2311 - 103334043?
-103331232
In base 15, what is 294ac - -60?
2951c
In base 16, what is -2 + -823e3b?
-823e3d
In base 12, what is 10b - 609b?
-5b90
In base 2, what is 1110 + -100111011001010000011110110?
-100111011001010000011101000
In base 16, what is -44a - -8f886?
8f43c
In base 7, what is 3 + -5066401?
-5066365
In base 6, what is 10331243 + -44?
10331155
In base 5, what is -1323130 + -1301214?
-3124344
In base 8, what is 341140 - -7?
341147
In base 14, what is 26a2a - -4c3?
2710d
In base 3, what is -1020010 + 1022112?
2102
In base 15, what is -133a39 - 9e?
-133ad8
In base 8, what is 144266 + -45?
144221
In base 5, what is 3 - 12431134321?
-12431134313
In base 12, what is 32086 + -35b8?
2a68a
In base 3, what is -2 + 10120010202202211?
10120010202202202
In base 12, what is -8584 + -613b?
-12703
In base 10, what is -234739052 - 3?
-234739055
In base 10, what is 865499 + -170?
865329
In base 11, what is 5a5118 - -44?
5a5161
In base 16, what is 2213 + e92?
30a5
In base 15, what is -85 + ecec?
ec67
In base 15, what is 11887 - -7ee?
12186
In base 15, what is 4 + -2272b83?
-2272b7e
In base 5, what is 3 - -23120021?
23120024
In base 7, what is 122 - -124201215?
124201340
In base 6, what is 103 - -4434154?
4434301
In base 12, what is 6 + -1292150?
-1292146
In base 2, what is -10100101 - -100101011010110110111?
100101011010100010010
In base 16, what is 4fbf + -cc?
4ef3
In base 13, what is 1c27ba06 + 1?
1c27ba07
In base 6, what is 211405453 - 1?
211405452
In base 15, what is -67b05 - 1e?
-67b24
In base 10, what is 6108177 + 0?
6108177
In base 12, what is 88 + 69113?
6919b
In base 11, what is 1a4814 + 11?
1a4825
In base 6, what is 33152 + 1042?
34234
In base 9, what is -66048758 - 31?
-66048800
In base 15, what is -229 + -d76dd?
-d7917
In base 12, what is 39606b0 + 5?
39606b5
In base 14, what is -2d - 9d889?
-9d8b8
In base 12, what is 16a + 416525?
416693
In base 16, what is -a5c4 - -55?
-a56f
In base 5, what is 101 + -3302230410?
-3302230304
In base 6, what is -3000513 + 132?
-3000341
In base 14, what is 1b - -246b8bd?
246b8da
In base 14, what is 8bdca8 + 5?
8bdcad
In base 12, what is -18 + -25963a?
-259656
In base 10, what is -3 + -2749803?
-2749806
In base 5, what is -3344312 - -3023?
-3341234
In base 16, what is 1f57 - ac56?
-8cff
In base 12, what is -7311 - -5587?
-1946
In base 9, what is -116506170 + -8?
-116506178
In base 3, what is 10 + -2100022220111?
-2100022220101
In base 15, what is 3 - -5d67cb?
5d67ce
In base 12, what is 5 + 8982b?
89834
In base 10, what is -108266 - 45?
-108311
In base 2, what is -10110110011000 - -111001101000?
-1111100110000
In base 10, what is -53209 - -11232?
-41977
In base 14, what is -c402 + 2?
-c400
In base 9, what is 137547360 - -1?
137547361
In base 11, what is 45422 - -89?
45500
In base 13, what is -119c + -9a4?
-1b73
In base 3, what is 1 + 1022112110021000?
1022112110021001
In base 5, what is 0 - -240130130?
240130130
In base 16, what is 66 - -54dad?
54e13
In base 9, what is 15506 + 